{"id":57,"date":"2024-11-04T04:40:30","date_gmt":"2024-11-04T04:40:30","guid":{"rendered":"https:\/\/gaviaspreview.com\/wp\/homirx\/all-authors\/"},"modified":"2025-08-04T11:26:20","modified_gmt":"2025-08-04T11:26:20","slug":"agents","status":"publish","type":"page","link":"https:\/\/erv.cl\/index.php\/agents\/","title":{"rendered":"Agents"},"content":{"rendered":"\t\t<div data-elementor-type=\"wp-page\" data-elementor-id=\"57\" class=\"elementor elementor-57\" data-elementor-post-type=\"page\">\n\t\t\t\t<div class=\"elementor-element elementor-element-9a15c8e e-flex e-con-boxed e-con e-parent\" data-id=\"9a15c8e\" data-element_type=\"container\" data-settings=\"{&quot;background_background&quot;:&quot;slideshow&quot;,&quot;background_slideshow_gallery&quot;:[{&quot;id&quot;:127,&quot;url&quot;:&quot;https:\\\/\\\/gaviaspreview.com\\\/wp\\\/homirx\\\/wp-content\\\/uploads\\\/2024\\\/11\\\/breadcrumb-01.jpg&quot;},{&quot;id&quot;:358,&quot;url&quot;:&quot;https:\\\/\\\/gaviaspreview.com\\\/wp\\\/homirx\\\/wp-content\\\/uploads\\\/2024\\\/12\\\/breadcrumb-03.jpg&quot;}],&quot;background_slideshow_ken_burns&quot;:&quot;yes&quot;,&quot;background_slideshow_loop&quot;:&quot;yes&quot;,&quot;background_slideshow_slide_duration&quot;:5000,&quot;background_slideshow_slide_transition&quot;:&quot;fade&quot;,&quot;background_slideshow_transition_duration&quot;:500,&quot;background_slideshow_ken_burns_zoom_direction&quot;:&quot;in&quot;}\">\n\t\t\t\t\t<div class=\"e-con-inner\">\n\t\t<div class=\"elementor-element elementor-element-3ea2196 e-con-full e-flex e-con e-child\" data-id=\"3ea2196\" data-element_type=\"container\">\n\t\t\t\t<div class=\"elementor-element elementor-element-6690ab8 elementor-widget elementor-widget-gva-heading-block\" data-id=\"6690ab8\" data-element_type=\"widget\" data-widget_type=\"gva-heading-block.default\">\n\t\t\t\t<div class=\"elementor-widget-container\">\n\t\t\t\t\t<div class=\"gva-element-gva-heading-block gva-element\">\r\n   <div class=\"align-center style-1 widget gsc-heading box-align-left auto-responsive\">\r\n      \r\n      <div class=\"content-inner\">\r\n                  \r\n           \r\n         \r\n                     <h2 class=\"title\">\r\n               <span>Agentes ERV<\/span>\r\n            <\/h2>\r\n                  \r\n                     <div class=\"title-desc\">Nuestra experiencia a su disposici\u00f3n<\/div>\r\n         \r\n               <\/div>\r\n\r\n   <\/div>\r\n\r\n<\/div>\t\t\t\t<\/div>\n\t\t\t\t<\/div>\n\t\t\t\t<\/div>\n\t\t\t\t\t<\/div>\n\t\t\t\t<\/div>\n\t\t<div class=\"elementor-element elementor-element-02de862 e-flex e-con-boxed e-con e-parent\" data-id=\"02de862\" data-element_type=\"container\">\n\t\t\t\t\t<div class=\"e-con-inner\">\n\t\t<div class=\"elementor-element elementor-element-9e81426 e-con-full e-flex e-con e-child\" data-id=\"9e81426\" data-element_type=\"container\">\n\t\t\t\t<div class=\"elementor-element elementor-element-83f46b0 elementor-widget elementor-widget-gva-team\" data-id=\"83f46b0\" data-element_type=\"widget\" data-widget_type=\"gva-team.default\">\n\t\t\t\t<div class=\"elementor-widget-container\">\n\t\t\t\t\t<div class=\"gva-element-gva-team gva-element\">\r\n<div class=\"swiper-slider-wrapper gsc-team layout-carousel \">\r\n   <div class=\"swiper-content-inner\">   \r\n      <div class=\"init-carousel-swiper swiper\" data-carousel=\"{&quot;items&quot;:3,&quot;items_lg&quot;:3,&quot;items_md&quot;:2,&quot;items_sm&quot;:2,&quot;items_xs&quot;:1,&quot;items_xx&quot;:1,&quot;effect&quot;:&quot;slide&quot;,&quot;space_between&quot;:30,&quot;loop&quot;:1,&quot;speed&quot;:600,&quot;autoplay&quot;:0,&quot;autoplay_delay&quot;:4500,&quot;autoplay_hover&quot;:1,&quot;navigation&quot;:1,&quot;pagination&quot;:0,&quot;dynamic_bullets&quot;:0,&quot;pagination_type&quot;:&quot;bullets&quot;}\">\r\n         <div class=\"swiper-wrapper\">\r\n                           <div class=\"swiper-slide\">\r\n                  \r\n   <div class=\"team-one__single\">\r\n   \t   \t\t<div class=\"team-one__image\">\r\n            <img decoding=\"async\" src=\"https:\/\/erv.cl\/wp-content\/uploads\/2025\/08\/elizabeth-600x540.jpeg\" alt=\"\" \/>  \r\n            \r\n   \t\t<\/div>\r\n   \t\t\r\n      <div class=\"team-one__content\">\r\n         <div class=\"team-one__socials\">\r\n            <div class=\"team-one__social-links\">\r\n                           <\/div> \r\n            <div class=\"team-one__social-control\"><a><i class=\"fa-solid fa-share-nodes\"><\/i><\/a><\/div>\r\n         <\/div>\r\n         <div class=\"team-one__content-inner\">\r\n      \t\t      \t\t\t<h3 class=\"team-one__name\">\r\n                  Elizabeth Reyes Vidal   \r\n               <\/h3>\r\n      \t\t      \t\t      \t\t<div class=\"team-one__phone\"><span>Call: <\/span><a href=\"tel:+56993025183\">+569 93025183<\/a><\/div>                           <div class=\"team-one__desc\">Corredora Santiago <\/div>\r\n                  \t<\/div>\r\n      <\/div>\r\n   <\/div>\t\t\r\n               <\/div>\r\n                           <div class=\"swiper-slide\">\r\n                  \r\n   <div class=\"team-one__single\">\r\n   \t   \t\t<div class=\"team-one__image\">\r\n            <img decoding=\"async\" src=\"https:\/\/erv.cl\/wp-content\/uploads\/2025\/08\/carolina-castillo.jpg\" alt=\"\" \/>  \r\n            \r\n   \t\t<\/div>\r\n   \t\t\r\n      <div class=\"team-one__content\">\r\n         <div class=\"team-one__socials\">\r\n            <div class=\"team-one__social-links\">\r\n                           <\/div> \r\n            <div class=\"team-one__social-control\"><a><i class=\"fa-solid fa-share-nodes\"><\/i><\/a><\/div>\r\n         <\/div>\r\n         <div class=\"team-one__content-inner\">\r\n      \t\t      \t\t\t<h3 class=\"team-one__name\">\r\n                  Karina Castillo Espinosa   \r\n               <\/h3>\r\n      \t\t      \t\t      \t\t<div class=\"team-one__phone\"><span>Call: <\/span><a href=\"tel:+56981380757\">+56 9 8138 0757<\/a><\/div>                           <div class=\"team-one__desc\">Facilitadora Santiago <\/div>\r\n                  \t<\/div>\r\n      <\/div>\r\n   <\/div>\t\t\r\n               <\/div>\r\n                           <div class=\"swiper-slide\">\r\n                  \r\n   <div class=\"team-one__single\">\r\n   \t   \t\t<div class=\"team-one__image\">\r\n            <img decoding=\"async\" src=\"https:\/\/erv.cl\/wp-content\/uploads\/2025\/08\/alexis-trujillo.jpeg\" alt=\"\" \/>  \r\n            \r\n   \t\t<\/div>\r\n   \t\t\r\n      <div class=\"team-one__content\">\r\n         <div class=\"team-one__socials\">\r\n            <div class=\"team-one__social-links\">\r\n                           <\/div> \r\n            <div class=\"team-one__social-control\"><a><i class=\"fa-solid fa-share-nodes\"><\/i><\/a><\/div>\r\n         <\/div>\r\n         <div class=\"team-one__content-inner\">\r\n      \t\t      \t\t\t<h3 class=\"team-one__name\">\r\n                  Alexis Trujillo Flores    \r\n               <\/h3>\r\n      \t\t      \t\t      \t\t<div class=\"team-one__phone\"><span>Call: <\/span><a href=\"tel:+56982940025\">+569 82940025<\/a><\/div>                           <div class=\"team-one__desc\">Facilitador La Serena<\/div>\r\n                  \t<\/div>\r\n      <\/div>\r\n   <\/div>\t\t\r\n               <\/div>\r\n                           <div class=\"swiper-slide\">\r\n                  \r\n   <div class=\"team-one__single\">\r\n   \t   \t\t<div class=\"team-one__image\">\r\n            <img decoding=\"async\" src=\"https:\/\/erv.cl\/wp-content\/uploads\/2025\/08\/juan-silva-600x540.jpeg\" alt=\"\" \/>  \r\n            \r\n   \t\t<\/div>\r\n   \t\t\r\n      <div class=\"team-one__content\">\r\n         <div class=\"team-one__socials\">\r\n            <div class=\"team-one__social-links\">\r\n                           <\/div> \r\n            <div class=\"team-one__social-control\"><a><i class=\"fa-solid fa-share-nodes\"><\/i><\/a><\/div>\r\n         <\/div>\r\n         <div class=\"team-one__content-inner\">\r\n      \t\t      \t\t\t<h3 class=\"team-one__name\">\r\n                  Juan Silva Landeros   \r\n               <\/h3>\r\n      \t\t      \t\t      \t\t<div class=\"team-one__phone\"><span>Call: <\/span><a href=\"tel:+56958893161\">+56 9 5889 3161<\/a><\/div>                           <div class=\"team-one__desc\">Facilitador Valdivia<\/div>\r\n                  \t<\/div>\r\n      <\/div>\r\n   <\/div>\t\t\r\n               <\/div>\r\n                     <\/div> \r\n      <\/div>\r\n   <\/div>   \r\n   <div class=\"swiper-pagination\"><\/div>   <div class=\"swiper-nav-next\"><\/div><div class=\"swiper-nav-prev\"><\/div><\/div>\r\n<\/div>\t\t\t\t<\/div>\n\t\t\t\t<\/div>\n\t\t\t\t<\/div>\n\t\t\t\t\t<\/div>\n\t\t\t\t<\/div>\n\t\t<div class=\"elementor-element elementor-element-97f67f3 e-flex e-con-boxed e-con e-parent\" data-id=\"97f67f3\" data-element_type=\"container\" data-settings=\"{&quot;background_background&quot;:&quot;classic&quot;}\">\n\t\t\t\t\t<div class=\"e-con-inner\">\n\t\t<div class=\"elementor-element elementor-element-cfc2c7b e-con-full e-flex e-con e-child\" data-id=\"cfc2c7b\" data-element_type=\"container\">\n\t\t\t\t<div class=\"elementor-element elementor-element-6dcd746 elementor-widget elementor-widget-gva-image-content\" data-id=\"6dcd746\" data-element_type=\"widget\" data-widget_type=\"gva-image-content.default\">\n\t\t\t\t<div class=\"elementor-widget-container\">\n\t\t\t\t\t<div class=\"gva-element-gva-image-content gva-element\">\t\t\r\n\t\t\t<div class=\"about-one__single\">\r\n\t\t\t\t \t<div class=\"about-one__image\"><div class=\"image-inner\"><img fetchpriority=\"high\" decoding=\"async\" width=\"1920\" height=\"1371\" src=\"https:\/\/erv.cl\/wp-content\/uploads\/2025\/07\/ayres.jpg\" class=\"attachment-full size-full wp-image-737\" alt=\"\" srcset=\"https:\/\/erv.cl\/wp-content\/uploads\/2025\/07\/ayres.jpg 1920w, https:\/\/erv.cl\/wp-content\/uploads\/2025\/07\/ayres-1024x731.jpg 1024w, https:\/\/erv.cl\/wp-content\/uploads\/2025\/07\/ayres-768x548.jpg 768w, https:\/\/erv.cl\/wp-content\/uploads\/2025\/07\/ayres-600x428.jpg 600w\" sizes=\"(max-width: 1920px) 100vw, 1920px\" \/><\/div><\/div>\t\r\n\t\t\t\t\t  <a href=\"https:\/\/gaviaspreview.com\/wp\/homirx\/about\/\" aria-label=\"link\" class=\"about-one__link-overlay\"><\/a>\r\n\t\t  \t\t<\/div>\r\n\t  \r\n\t \r\n\r\n\t \r\n\r\n\t\r\n \r\n<\/div>\t\t\t\t<\/div>\n\t\t\t\t<\/div>\n\t\t\t\t<div class=\"elementor-element elementor-element-b869fc3 elementor-absolute elementor-widget elementor-widget-gva-video-box\" data-id=\"b869fc3\" data-element_type=\"widget\" data-settings=\"{&quot;_position&quot;:&quot;absolute&quot;}\" data-widget_type=\"gva-video-box.default\">\n\t\t\t\t<div class=\"elementor-widget-container\">\n\t\t\t\t\t<div class=\"gva-element-gva-video-box gva-element\">\r\n   \r\n         <div class=\"video-two__single\">\r\n         <div class=\"video-two__inner\">\r\n            <div class=\"video-two__content\">\r\n               <div class=\"video-two__action\">\r\n                  <span class=\"video-two__icon\"><i class=\"fa fa-play\"><\/i><\/span>\r\n               <\/div>\r\n               <svg class=\"video-two__rotatingText\" viewBox=\"0 0 200 200\" width=\"200\" height=\"200\">\r\n                  <defs>\r\n                    <path id=\"circle_yohs\" d=\"M 100, 100 m -75, 0 a 75, 75 0 1, 0 150, 0 a 75, 75 0 1, 0 -150, 0\"><\/path>\r\n                  <\/defs>\r\n                  <text>\r\n                    <textPath xlink:href=\"#circle_yohs\" class=\"video-two__title\">\r\n                                             PLAY INTRO VIDEO - PLAY INTRO VIDEO -                                          <\/textPath>\r\n                  <\/text>\r\n               <\/svg>\r\n                              <a href=\"https:\/\/www.youtube.com\/watch?v=QmfVLaBan5I\" class=\"popup-video video-two__link\"><\/a>\r\n            <\/div>    \r\n         <\/div>\r\n      <\/div> \r\n      \r\n        \r\n<\/div>\t\t\t\t<\/div>\n\t\t\t\t<\/div>\n\t\t\t\t<\/div>\n\t\t<div class=\"elementor-element elementor-element-36864bc e-con-full e-flex e-con e-child\" data-id=\"36864bc\" data-element_type=\"container\">\n\t\t\t\t<div class=\"elementor-element elementor-element-a0a0ec5 elementor-widget elementor-widget-gva-heading-block\" data-id=\"a0a0ec5\" data-element_type=\"widget\" data-widget_type=\"gva-heading-block.default\">\n\t\t\t\t<div class=\"elementor-widget-container\">\n\t\t\t\t\t<div class=\"gva-element-gva-heading-block gva-element\">\r\n   <div class=\"align-left style-1 widget gsc-heading box-align-left auto-responsive\">\r\n      \r\n      <div class=\"content-inner\">\r\n                  \r\n         <div class=\"sub-title\"><span class=\"tagline\">Nosotros<\/span><\/div>  \r\n         \r\n                     <h2 class=\"title\">\r\n               <span>Bienvenidos a ERV Brokerage<\/span>\r\n            <\/h2>\r\n                  \r\n                     <div class=\"title-desc\">Somos una corredora de propiedades conformada por un equipo apasionado, responsable y creativo.\nCon servicio integral y tecnolog\u00eda avanzada, conectamos personas con espacios \u00fanicos, destacados por su dise\u00f1o, arquitectura y vida de barrio.<\/div>\r\n         \r\n               <\/div>\r\n\r\n   <\/div>\r\n\r\n<\/div>\t\t\t\t<\/div>\n\t\t\t\t<\/div>\n\t\t<div class=\"elementor-element elementor-element-eb222cf e-con-full e-flex e-con e-child\" data-id=\"eb222cf\" data-element_type=\"container\">\n\t\t\t\t<div class=\"elementor-element elementor-element-c8e62b0 elementor-icon-list--layout-traditional elementor-list-item-link-full_width elementor-widget elementor-widget-icon-list\" data-id=\"c8e62b0\" data-element_type=\"widget\" data-widget_type=\"icon-list.default\">\n\t\t\t\t\t\t\t<ul class=\"elementor-icon-list-items\">\n\t\t\t\t\t\t\t<li class=\"elementor-icon-list-item\">\n\t\t\t\t\t\t\t\t\t\t\t<span class=\"elementor-icon-list-icon\">\n\t\t\t\t\t\t\t<i aria-hidden=\"true\" class=\" hicon-arrow-right-1\"><\/i>\t\t\t\t\t\t<\/span>\n\t\t\t\t\t\t\t\t\t\t<span class=\"elementor-icon-list-text\">Responsabilidad<\/span>\n\t\t\t\t\t\t\t\t\t<\/li>\n\t\t\t\t\t\t\t\t<li class=\"elementor-icon-list-item\">\n\t\t\t\t\t\t\t\t\t\t\t<span class=\"elementor-icon-list-icon\">\n\t\t\t\t\t\t\t<i aria-hidden=\"true\" class=\" hicon-arrow-right-1\"><\/i>\t\t\t\t\t\t<\/span>\n\t\t\t\t\t\t\t\t\t\t<span class=\"elementor-icon-list-text\">Rapidez<\/span>\n\t\t\t\t\t\t\t\t\t<\/li>\n\t\t\t\t\t\t\t\t<li class=\"elementor-icon-list-item\">\n\t\t\t\t\t\t\t\t\t\t\t<span class=\"elementor-icon-list-icon\">\n\t\t\t\t\t\t\t<i aria-hidden=\"true\" class=\" hicon-arrow-right-1\"><\/i>\t\t\t\t\t\t<\/span>\n\t\t\t\t\t\t\t\t\t\t<span class=\"elementor-icon-list-text\">Confianza<\/span>\n\t\t\t\t\t\t\t\t\t<\/li>\n\t\t\t\t\t\t<\/ul>\n\t\t\t\t\t\t<\/div>\n\t\t\t\t<div class=\"elementor-element elementor-element-1bb5967 elementor-widget elementor-widget-gva-counter\" data-id=\"1bb5967\" data-element_type=\"widget\" data-widget_type=\"gva-counter.default\">\n\t\t\t\t<div class=\"elementor-widget-container\">\n\t\t\t\t\t<div class=\"gva-element-gva-counter gva-element\">\r\n         <div class=\"milestone-one__single\">\r\n            \r\n         \r\n         <div class=\"milestone-one__content\">\r\n            <div class=\"milestone-one__number\">\r\n               <span class=\"milestone-number\">900<\/span><span class=\"symbol before\">k<\/span><span class=\"symbol after\">+<\/span>            <\/div>\r\n            <div class=\"milestone-one__title\">clientes<br> satisfechos<\/div>         <\/div>\r\n         \r\n         \r\n      <\/div> \r\n   \r\n   \r\n   <\/div>\t\t\t\t<\/div>\n\t\t\t\t<\/div>\n\t\t\t\t<div class=\"elementor-element elementor-element-fe835e5 elementor-widget elementor-widget-gva-counter\" data-id=\"fe835e5\" data-element_type=\"widget\" data-widget_type=\"gva-counter.default\">\n\t\t\t\t<div class=\"elementor-widget-container\">\n\t\t\t\t\t<div class=\"gva-element-gva-counter gva-element\">\r\n         <div class=\"milestone-one__single\">\r\n            \r\n         \r\n         <div class=\"milestone-one__content\">\r\n            <div class=\"milestone-one__number\">\r\n               <span class=\"milestone-number\">1200<\/span><span class=\"symbol after\">+<\/span>            <\/div>\r\n            <div class=\"milestone-one__title\">Propiedades<\/div>         <\/div>\r\n         \r\n         \r\n      <\/div> \r\n   \r\n   \r\n   <\/div>\t\t\t\t<\/div>\n\t\t\t\t<\/div>\n\t\t\t\t<\/div>\n\t\t\t\t<div class=\"elementor-element elementor-element-dfed787 elementor-widget elementor-widget-html\" data-id=\"dfed787\" data-element_type=\"widget\" data-widget_type=\"html.default\">\n\t\t\t\t\t<a href=\"#\" class=\"btn-theme-2\"><span class=\"btn-icon\"><i aria-hidden=\"true\" class=\"hicon-home\"><\/i><\/span>\n  ver m\u00e1s\n    <\/a>\t\t\t\t<\/div>\n\t\t\t\t<\/div>\n\t\t\t\t\t<\/div>\n\t\t\t\t<\/div>\n\t\t\t\t<\/div>\n\t\t","protected":false},"excerpt":{"rendered":"<p>Agentes ERV Nuestra experiencia a su disposici\u00f3n Elizabeth Reyes Vidal Call: +569 93025183 Corredora Santiago Karina Castillo Espinosa Call: +56 9 8138 0757 Facilitadora Santiago Alexis Trujillo Flores Call: +569 82940025 Facilitador La Serena Juan Silva Landeros Call: +56 9 5889 3161 Facilitador Valdivia PLAY INTRO VIDEO &#8211; PLAY INTRO VIDEO &#8211; Nosotros Bienvenidos a [&hellip;]<\/p>\n","protected":false},"author":1,"featured_media":0,"parent":0,"menu_order":0,"comment_status":"closed","ping_status":"closed","template":"","meta":{"footnotes":""},"class_list":["post-57","page","type-page","status-publish","hentry"],"_links":{"self":[{"href":"https:\/\/erv.cl\/index.php\/wp-json\/wp\/v2\/pages\/57","targetHints":{"allow":["GET"]}}],"collection":[{"href":"https:\/\/erv.cl\/index.php\/wp-json\/wp\/v2\/pages"}],"about":[{"href":"https:\/\/erv.cl\/index.php\/wp-json\/wp\/v2\/types\/page"}],"author":[{"embeddable":true,"href":"https:\/\/erv.cl\/index.php\/wp-json\/wp\/v2\/users\/1"}],"replies":[{"embeddable":true,"href":"https:\/\/erv.cl\/index.php\/wp-json\/wp\/v2\/comments?post=57"}],"version-history":[{"count":22,"href":"https:\/\/erv.cl\/index.php\/wp-json\/wp\/v2\/pages\/57\/revisions"}],"predecessor-version":[{"id":817,"href":"https:\/\/erv.cl\/index.php\/wp-json\/wp\/v2\/pages\/57\/revisions\/817"}],"wp:attachment":[{"href":"https:\/\/erv.cl\/index.php\/wp-json\/wp\/v2\/media?parent=57"}],"curies":[{"name":"wp","href":"https:\/\/api.w.org\/{rel}","templated":true}]}}